 remainder when n is divided by u(-2).
11
Let g(r) = 5*r**2 + 47*r - 9. Calculate the remainder when g(-12) is divided by 25.
22
Calculate the remainder when (6 + (-7 - -4))*(-402)/(-9) is divided by 25.
9
Suppose 0 = 3*y - r - 42, -y + 0*r = 4*r - 1. Let t be 112/6*(-5 + (-91)/(-14)). Let i = t - 21. What is the remainder when y is divided by i?
6
Suppose 482 + 366 = 4*j. Suppose -5*y + j = 97. What is the remainder when 114 is divided by y?
22
Suppose -9*b + 2*v = -8*b - 87, 2*b + v - 189 = 0. Calculate the remainder when b is divided by 16.
13
Let z = -27 + 68. Let a(p) = 4*p**2 + 11*p**2 + 20*p + 6*p - 37 + p**3. What is the remainder when a(-11) is divided by z?
38
Let c(x) = 2*x**2 - 2*x - 3. Suppose -13*l = -16*l + 3*h + 105, 109 = 3*l - 2*h. Calculate the remainder when l is divided by c(-3).
18
Suppose -5*i = z - 340, 22 = 3*i - 2*z - 195. Suppose 26 = 5*h - 9. Calculate the remainder when i is divided by h.
6
Let g be (-34)/(-12) + (-1)/(-6). Let z(r) = -r**g + 4*r**3 - 10*r**2 - 2*r**3 - 21 + 17*r - 5*r**2. What is the remainder when z(14) is divided by 6?
3
Let r = 240 - 219. What is the remainder when 77 is divided by r?
14
What is the remainder when 144 is divided by 9 - 14 - (-57 + -1)?
38
Suppose -2*j = -5*j. Let l(c) = -c**3 + c**2 - c + 169. Let r be l(j). Suppose 59 = 4*m - r. What is the remainder when m is divided by 10?
7
Suppose -5*k + 10*k = u - 14, -28 = -2*u + 5*k. What is the remainder when 37 + (-5 - -2) + 3 is divided by u?
9
Calculate the remainder when (-4)/(5 + 805/(-100) + 3) is divided by 9.
8
Suppose -15*r + 21*r = 24. Suppose -20 = -3*p + 67. What is the remainder when (r - 2)*(-113)/(-2) is divided by p?
26
Suppose 4*o = 2*z - 14, -z = -4*o - 0*o - 9. Let p = -9 + 13. Suppose -c - p*c - 2*r + 83 = 0, -4*r + 47 = 3*c. What is the remainder when c is divided by z?
2
Let r be 3*8 + -2 + 0. Suppose -11 = -v - 3*g - 4, 2*g = 2*v - r. Calculate the remainder when (21/(-2))/(3/(-8)) is divided by v.
8
Suppose 13*w - 8*w = -t + 1177, 0 = w - 5*t - 225. Calculate the remainder when w is divided by 14.
11
Suppose 4*c - 252 = -3*c. What is the remainder when 104 is divided by c?
32
Suppose -2*x + 15 = 5*q, -x + 5*x + 2*q = 22. Suppose -5*v = -x - 35. Let h = 2 + v. What is the remainder when 25 is divided by h?
5
Let t be (-920)/30*6/(-4). Let q = t + -3. Let r = 33 - 10. Calculate the remainder when q is divided by r.
20
Suppose r - 45 = -2*r. What is the remainder when 6/(-4)*(-9 + -13) is divided by r?
3
What is the remainder when 481 is divided by (180/50)/((-1)/(-5))?
13
Suppose -4*u + 6 = 18. What is the remainder when 32 is divided by 6 + 4 + ((-9)/u - 2)?
10
Suppose -q + s - 36 = 0, -3*q - 174 = 2*q + s. Let t = 60 + q. Calculate the remainder when 74 is divided by t.
24
Let d = -1300 - -1319. Calculate the remainder when 263 is divided by d.
16
Let z = -649 - -697. What is the remainder when 134 is divided by z?
38
Let p = -157 + 183. Calculate the remainder when 179 is divided by p.
23
Let q(p) = -7*p**3 - 3*p**2 - p. Let t(a) = 76*a**2 + 526*a - 18. Calculate the remainder when q(-2) is divided by t(-7).
22
Let x = 1487 + -1138. Calculate the remainder when x is divided by 10.
9
Let g = -25 + 27. Suppose b = g + 9. Calculate the remainder when 40 is divided by b.
7
Let w be (-2)/(-3) - 40/6. What is the remainder when -74*1/(4/w) is divided by 28?
27
Let n = 3 - 13. Suppose 0*y + 85 = -5*y. Let j = n - y. Calculate the remainder when 26 is divided by j.
5
Suppose 0 = 7*x - 149 - 26. Suppose 0 = 5*t - 3*n - 457, 4*n + 1 = 5. Calculate the remainder when t is divided by x.
17
Let c(a) = 2*a + 42. Let j be c(0). Suppose 5*o - 4*i - 153 = 105, 0 = o + 4*i - j. Calculate the remainder when o is divided by 26.
24
Suppose -2*t + 10 = -t - 2*y, 2*y = 4*t - 16. Let s be -1 + t + 2/(-2). Suppose 2*c + 18 - 58 = s. What is the remainder when 57 is divided by c?
17
Suppose -33*b = -38*b + 4*v + 74, b = v + 15. Let m = 121 - 86. What is the remainder when m is divided by b?
7
Let g = 16 + -11. Suppose -4*w - 27 = -g*w. What is the remainder when 106 is divided by w?
25
Suppose -2*z + v = -3, -3*v = 2*z + 2*z - 11. Suppose 4*l = 5*l - x, z*l - 3*x = -5. Calculate the remainder when 8 is divided by l.
3
Let x(m) = 10*m**2 + m - 2. What is the remainder when x(-4) is divided by ((-4212)/(-567))/(3*(-4)/(-42))?
24
Let j = -1 + 6. Let v = -1105 - -1113. What is the remainder when v is divided by j?
3
Suppose 6169 + 6162 = 11*u. What is the remainder when u is divided by 66?
65
Let q = -1569 - -1816. What is the remainder when q is divided by 51?
43
Let a(m) = 2*m + 9. Let n be a(-3). Suppose -n*o + 437 = 134. What is the remainder when o is divided by 17?
16
Let g = 2106 + -2019. What is the remainder when 519 is divided by g?
84
Let p = -46 - -137. Let y = -64 + p. Suppose 52 = 3*v + 7. What is the remainder when y is divided by v?
12
Let b(i) = -i**3 + 13*i**2 - 10*i - 3. Let p be b(12). Let r = 52 - p. Calculate the remainder when r is divided by 8.
7
Let w(i) = i**2 - 3*i + 1. Let h be w(2). What is the remainder when 109 is divided by (-1)/h*-2*(-1 - 10)?
21
Suppose -11*g - j = -8*g - 46, 5*j = 5. What is the remainder when g is divided by 9?
6
Suppose -15*w + 46 = -299. What is the remainder when 36 is divided by w?
13
Let g be (-2 + (-7)/(-3))/((-2)/1086). Let t = -103 - g. What is the remainder when t is divided by 9?
6
Suppose -2*n + 17 = -x, -3*x = -2*n + 4 + 19. Suppose -9 = 5*v - 2*w - 17, -7*w + 54 = 3*v. Calculate the remainder when n is divided by v.
3
Let p(k) = -131*k + 4. Let f be p(-6). Suppose -5*i + 310 = 4*m, -4*i + 4*m - 252 = -8*i. Suppose -8*j + i = -f. What is the remainder when j is divided by 27?
25
Let d be 4/(-7) + (-32)/(-56). Calculate the remainder when 21 is divided by (-6 - -3 - -11) + d.
5
Let o(l) = l**3 + 13*l**2 + 3*l. Let i be o(-13). What is the remainder when i/(-91) + 330/14 is divided by 6/9 + 148/12?
11
Let x(g) = g**2 + 4*g - 15. Let j be x(-7). Suppose 2*r - 30 = -3*p, -j*p = -3*r - 2*p + 28. What is the remainder when 18 is divided by r?
6
Let c(y) = -y**2 - 18*y - 42. Let h be c(-15). Suppose -2*o + 40 = 2*w, h*o = -w - 3*w + 65. What is the remainder when 40 is divided by o?
10
Let z be 10 + -11 + 4/1. Suppose -7*i = -z*i. Suppose 4*q - 44 = 2*d, q - 2*q - 5*d = i. What is the remainder when 38 is divided by q?
8
Suppose 14 = 9*n - 274. What is the remainder when 573 is divided by n?
29
Let x(s) = 5*s**3 + 4*s**2 - s**3 + 2*s + 1 - s**3 - 2*s**3. Let c be x(-3). Suppose -c*g - g = -205. Calculate the remainder when g is divided by 22.
19
Let r(k) = 8*k - 168. Calculate the remainder when 126 is divided by r(23).
14
Let c be (-3)/(-3) - 6/2. Calculate the remainder when 57 is divided by (-40)/(c + -1 + 1).
17
Suppose 0 = -3*j + 123 - 12. Let l = 2 + 2. Suppose l*m + 42 = 2*x + 4, 0 = m. Calculate the remainder when j is divided by x.
18
Suppose 2*r + 32 - 8 = 0. Let a = r - -20. Calculate the remainder when 66/2 + ((-28)/7 - -1) is divided by a.
6
What is the remainder when 270 is divided by (5 + -15)/(-10) + (36 - -2)?
36
Suppose 0*i - 4*f + 31 = 3*i, -2*f - 12 = -4*i. Suppose -i*r + s + 202 = -0*s, -3*r - s = -126. Let o = 2 - -20. What is the remainder when r is divided by o?
19
Suppose 0 = -8*n + 36*n - 420. What is the remainder when 263 is divided by n?
8
Calculate the remainder when 142 is divided by 31*1 + 16 + -8 + -10.
26
Let n = 233 + -212. What is the remainder when 32 is divided by n?
11
Let f(o) = o**3 + 30*o**2 + 73*o - 192. What is the remainder when f(-27) is divided by 19?
5
Let f(c) = 4*c**3 - 18*c**2 + 8*c + 7. What is the remainder when 108 is divided by f(4)?
3
Suppose -259 = -5*m - 2*m. Suppose 12*u - m = 11*u. Calculate the remainder when u is divided by 4.
1
Let v = -389 - -596. What is the remainder when v is divided by 103?
1
Let v = -197 + 323. What is the remainder when 134 is divided by v?
8
Suppose 0 = -5*k + 3*u + 56, -u + 8 = -5*u. Calculate the remainder when 117 is divided by k.
7
Suppose -4*o = -0*o + 3*h - 16, 2*h - 20 = -5*o. Suppose 0 = -q + 3*m + 5, -m + 19 = o*q - 53. Calculate the remainder when q is divided by 9.
8
Let j(k) = 11*k**3 - 9*k + 15*k - 36 + 11*k**2 - 10*k**3. Calculate the remainder when 4 is divided by j(-10).
0
Let